1 + 2. Suppose -4*n = -z + 10, 2*n + 50 = -3*z - 2*n. Let s be i(z). What is the highest common factor of s and 18?
6
Suppose 547*d = -27*d + 24108. Let z(k) = 51*k + 3. Let h be z(9). What is the greatest common divisor of h and d?
42
Suppose -7*l + 5*l = s - 25, 3*s = -2*l + 15. Suppose -l*u + 82*u = 3484. What is the greatest common factor of 221 and u?
13
Let w be ((-156)/130)/(1/(-35)). What is the greatest common factor of w and 3486?
42
Let w = 196 - 140. Let d = 141 - w. Let c = d - 30. Calculate the greatest common factor of c and 33.
11
Let o(z) = 18 - 17 + 58 - 2*z. Let y be o(10). What is the highest common factor of 26 and y?
13
Suppose 166 = -5*y - 2*j + 4*j, j - 168 = 5*y. Let d be (-18)/((-15)/21 - -1). Let f = y - d. Calculate the greatest common divisor of f and 319.
29
Let z = 100 + -179. Let x = 68 - z. Suppose 0 = 2*o - 2*w - 102, 3*o + 2*w = 3*w + x. Calculate the greatest common divisor of 432 and o.
48
Suppose 0 = -2*r - 2*c + 66, 3*r - 5*c = 5*r - 69. Suppose 3*u = -r*u + 1225. Calculate the greatest common divisor of u and 5.
5
Let i(h) = 4*h - 44. Let m be i(21). Suppose -m + 10 = -10*o. Suppose 12 = j + 3*f, -4*f = -2*j + 40 - 6. What is the highest common factor of j and o?
3
Let b be (1/(-1))/(2 - 1). Let a be (74 - -1) + (4 - 3) + b. Calculate the greatest common divisor of a and 135.
15
Let h(d) = -21*d**2 + 7*d - 82. Let f be h(10). Let u be ((-1)/2)/(32/f). What is the highest common divisor of u and 55?
11
Let q = -1121 + 1126. Calculate the highest common divisor of q and 10.
5
Let o be (0 - 1)*(-415)/(-166)*(-2 - 72). Let a(x) = -2*x - 2. Let s be a(-3). Let p = 33 + s. What is the greatest common factor of o and p?
37
Let q = -31 + 51. Let v be (408/q)/((-4)/(-30)). Let x = -103 + v. Calculate the highest common divisor of x and 20.
10
Suppose -5*a = 15, 4*a = -l - 5 - 3. Let g = -563 - -566. Suppose l*b + g*o - 7*o - 380 = 0, -5*o + 113 = b. What is the highest common divisor of b and 28?
14
Suppose 2*v = 4*z - 262, -z - 6 = 3*v - 75. Let o be (-1330)/(-8) - 1 - (546/(-104))/(-21). What is the highest common divisor of o and z?
33
Let m = 79 + -56. Suppose -23 + 6 = -f. Let g = m - f. Calculate the highest common divisor of 18 and g.
6
Let j be (5/6)/(-6 + (-876)/(-144)). Let i(n) = n**3 - 10*n**2 + 31*n + 2. Let x be i(j). Calculate the highest common divisor of 39 and x.
39
Let z = -9 - -495. Calculate the greatest common divisor of z and 90.
18
Suppose -31752 = -367*h - 221*h. Let r(v) = 2*v**3. Let b be r(1). Calculate the greatest common divisor of b and h.
2
Suppose d = 2*d - 2. Let c(b) = b**2 - 10*b - 34. Let w be c(13). Suppose 3*l - d*g - 405 = g, -w*g - 285 = -2*l. What is the highest common factor of 13 and l?
13
Let b(c) = c**2 - 18*c + 71. Let u be b(14). Let k = 65 - 46. Let a = k - 4. Calculate the highest common divisor of u and a.
15
Let j = 63 - 60. Suppose -2 = 2*o, -j*s = -s + 5*o - 7. Calculate the highest common divisor of 162 and s.
6
Let u be 1 - -9 - (-1)/(-1). Suppose 106*a - 2272 = -1318. What is the highest common divisor of u and a?
9
Suppose 5*z + 2*l = 1676, -74*l + 69*l = -z + 346. What is the greatest common factor of z and 400?
16
Let b(h) = 2*h**3 + 44*h**2 + h - 2*h - 12 - 3*h - 52*h**2. Let i be b(5). Calculate the greatest common factor of 60 and i.
6
Suppose -79*u - 49833 = -128*u. What is the highest common divisor of 63 and u?
9
Suppose 4*c + 72 = 25*w - 22*w, w = -4*c - 8. What is the highest common factor of 580 and w?
4
Let k be ((-72)/5)/((-1)/15). Let y = 46456 - 46402. Calculate the highest common factor of k and y.
54
Suppose -8*h + 59494 + 6631 + 5435 = 0. Calculate the highest common divisor of 10 and h.
5
Suppose -169*o + 173*o - 176 = 0. Suppose -i - 10 = 3*r, 0 = -5*i + 3*i - 3*r - 23. Let l = -2 - i. Calculate the greatest common factor of o and l.
11
Let a(f) = -f**2 + 10*f + 11. Let y be (-1)/(-4) + 70/8. Let t be a(y). Suppose 819*x - 1013*x + 5820 = 0. What is the highest common divisor of t and x?
10
Let p(i) = 15*i + 85. Let a be p(-5). Let j = a - -44. What is the highest common divisor of j and 6?
6
Let j = -12570 + 12820. Calculate the greatest common divisor of 475 and j.
25
Let v be ((-1064)/(-57))/((3/3)/6). Let o be ((-92)/69)/(2/(-105)). What is the greatest common divisor of v and o?
14
Let a = -841 + 962. Let p(g) = g**2 + 11. Let q be p(0). What is the highest common factor of a and q?
11
Let q = -217 - -3456. Calculate the greatest common divisor of 237 and q.
79
Let z = 37 - -191. Let h = z + -60. What is the greatest common divisor of h and 96?
24
Let h be 2/(-6) - (-51086)/42. Calculate the greatest common divisor of 114 and h.
38
Let c = 16 - 10. Let q be c/(-3) - (-7 - -1). Suppose 649 = 4*x - 2*d + 133, 376 = 3*x + q*d. Calculate the greatest common factor of 16 and x.
16
Let i be -4 - (-50)/18 - (-6)/27. Let o be 73*(3 - i/(-1)) - 2. Suppose o = 7*u - 4*u. Calculate the highest common factor of u and 12.
12
Let x(g) = -g - 20. Suppose -12*r - 15 = -11*r. Let n be x(r). Let s = n - -130. Calculate the greatest common factor of 25 and s.
25
Let j(u) = 36*u**3 - 2*u**2 + 2*u. Suppose 4*d = -16, 2*d = -f - 3*f - 4. Let s be j(f). Calculate the greatest common factor of 36 and s.
36
Let q(h) = h**2 + 9*h - 122. Let z be q(-23). What is the highest common divisor of z and 1080?
40
Suppose -11*c + 22*c = 39*c - 40796. What is the highest common factor of 94 and c?
47
Let m be 66/110 + (-38781)/(-15) + 0 + -2. Calculate the greatest common divisor of m and 760.
152
Suppose -3*f = -3*d - 144, -226*f + 224*f + 4*d = -84. What is the greatest common factor of 2466 and f?
18
Let f = 976 + 520. Calculate the greatest common divisor of f and 22.
22
Let t(v) = -2105*v - 10389. Let n be t(-5). Calculate the highest common divisor of 1717 and n.
17
Let c be (-226)/(-6) - 2664/999. Let x(l) = 3*l**3 - 7*l**2 + 3*l - 7. Let a be x(3). What is the greatest common divisor of c and a?
5
Let g(o) = o**3 + 10*o**2 - 9*o + 60. Let r be g(-7). What is the highest common factor of 54 and r?
54
Let t = 8803 + -8758. Suppose -q = -4*q + 75. What is the highest common divisor of q and t?
5
Let h(q) = -q**3 + 25*q**2 + 52*q + 58. Let k be h(27). Suppose k*t + 41 = 3*v - 6, 4*t = v - 29. What is the highest common divisor of v and 27?
9
Suppose 2*n - 20 = -0. Let x be (-36)/(-48) + (-1086)/(-24). What is the greatest common factor of x and n?
2
Let b be (-25)/(-15) + 13 + 304/(-24). Calculate the greatest common factor of b and 1294.
2
Let f = 17986 - 11566. Calculate the highest common divisor of 20 and f.
20
Let t = -186 - -121. Let z be 1356/26 + 10/t. Suppose 4*k - z = r, k - r = 4*r - 6. Calculate the greatest common divisor of 14 and k.
14
Let p be (3 - 4)*(1 - 6). Suppose -4*c + 288 = t - 35, 2*c = p*t + 167. What is the highest common factor of c and 297?
27
Let i(v) = -v**3 + 55*v**2 - 99*v + 18. Let h be i(53). What is the highest common factor of h and 1?
1
Let l = 943 - 935. Let y(x) = 43*x - 228. Let g be y(l). Calculate the greatest common divisor of 1276 and g.
116
Suppose 11*o + 6*o = 391. Let k(s) = -2*s**2 + 51*s + 55. Let h be k(o). Suppose 3*m = 7*m - 40. What is the highest common factor of h and m?
10
Suppose 4*q - v + 273 = 0, 325 + 13 = -5*q - 2*v. Let f = -26 - q. Suppose 4*z = 2*m - f, -28 = 2*m - 5*m - z. Calculate the highest common factor of m and 22.
11
Let m(z) = 48*z - 82. Let d = -319 + 321. Let t be m(d). Suppose 0 = a + 3 - 4. Calculate the highest common factor of a and t.
1
Suppose 111*n + 96 = 117*n. Calculate the greatest common divisor of n and 512.
16
Let o = 3891 + -3761. Calculate the greatest common divisor of o and 2665.
65
Let r = 255 + -242. Suppose -12*b + r*b = 253. What is the highest common factor of 11 and b?
11
Let g be ((-95)/(-15) + 1)*3. Suppose 2*u + g = -9*u. Let v(p) = 9*p**2 + 8*p + 2. Let z be v(u). What is the greatest common divisor of 22 and z?
22
Let f be 1*((2 - (-105)/(-49)) + 648/28). Calculate the greatest common factor of f and 25.
1
Let l be 6 + 0 - 28/(-70)*10. Suppose 0 = -2*s - 5*h - 0*h + 75, -5*s + 5*h = -205. Calculate the greatest common factor of s and l.
10
Let q = -2942 + 3138. Calculate the highest common divisor of 5488 and q.
196
Let o(s) = s + 17. Let r be o(-9). Let k 